{"id":112,"date":"2018-08-09T18:44:34","date_gmt":"2018-08-09T16:44:34","guid":{"rendered":"http:\/\/lesnotesbleues.com\/?page_id=112"},"modified":"2026-03-26T13:28:42","modified_gmt":"2026-03-26T12:28:42","slug":"tarifs","status":"publish","type":"page","link":"https:\/\/lesnotesbleues.com\/index.php\/tarifs\/","title":{"rendered":"Tarifs"},"content":{"rendered":"\t\t<div data-elementor-type=\"wp-page\" data-elementor-id=\"112\" class=\"elementor elementor-112\">\n\t\t\t\t\t\t<section class=\"elementor-section elementor-top-section elementor-element elementor-element-2a3ef1e1 elementor-section-boxed elementor-section-height-default elementor-section-height-default\" data-id=\"2a3ef1e1\" data-element_type=\"section\" data-e-type=\"section\">\n\t\t\t\t\t\t<div class=\"elementor-container elementor-column-gap-default\">\n\t\t\t\t\t<div class=\"elementor-column elementor-col-100 elementor-top-column elementor-element elementor-element-917116e\" data-id=\"917116e\" data-element_type=\"column\" data-e-type=\"column\">\n\t\t\t<div class=\"elementor-widget-wrap elementor-element-populated\">\n\t\t\t\t\t\t<div class=\"elementor-element elementor-element-46636e1f elementor-drop-cap-yes elementor-drop-cap-view-default elementor-widget elementor-widget-text-editor\" data-id=\"46636e1f\" data-element_type=\"widget\" data-e-type=\"widget\" data-settings=\"{&quot;drop_cap&quot;:&quot;yes&quot;}\" data-widget_type=\"text-editor.default\">\n\t\t\t\t<div class=\"elementor-widget-container\">\n\t\t\t\t\t\t\t\t\t<p>Le tarif des cours est de <span style=\"color: #0000ff;\"><strong>25 \u20ac net de l&rsquo;heure.\u00a0<\/strong><\/span><br \/>En fonction du d\u00e9placement, un suppl\u00e9ment de <span style=\"color: #0000ff;\"><strong>5 \u20ac<\/strong><\/span> peut s&rsquo;av\u00e9rer n\u00e9cessaire.\u00a0<br \/>Le r\u00e8glement par <span style=\"color: #ff0000;\"><a style=\"color: #ff0000;\" href=\"https:\/\/lesnotesbleues.com\/index.php\/cesu\/\" target=\"_blank\" rel=\"noopener\"><strong>CESU, CR-CESU ou CESU +<\/strong><\/a><\/span> est recommand\u00e9.\u00a0<\/p><p>Les ch\u00e8ques <span style=\"color: #ff0000;\"><a style=\"color: #ff0000;\" href=\"https:\/\/lesnotesbleues.com\/index.php\/cesu-prepayes\/\" target=\"_blank\" rel=\"noopener\"><strong>CESU pr\u00e9pay\u00e9s<\/strong> <\/a><\/span>sont aussi accept\u00e9s.<\/p>\t\t\t\t\t\t\t\t<\/div>\n\t\t\t\t<\/div>\n\t\t\t\t\t<\/div>\n\t\t<\/div>\n\t\t\t\t\t<\/div>\n\t\t<\/section>\n\t\t\t\t<section class=\"elementor-section elementor-top-section elementor-element elementor-element-b2fb3c8 elementor-section-boxed elementor-section-height-default elementor-section-height-default\" data-id=\"b2fb3c8\" data-element_type=\"section\" data-e-type=\"section\">\n\t\t\t\t\t\t<div class=\"elementor-container elementor-column-gap-default\">\n\t\t\t\t\t<div class=\"elementor-column elementor-col-100 elementor-top-column elementor-element elementor-element-9c68364\" data-id=\"9c68364\" data-element_type=\"column\" data-e-type=\"column\">\n\t\t\t<div class=\"elementor-widget-wrap elementor-element-populated\">\n\t\t\t\t\t\t<div class=\"elementor-element elementor-element-59aac20 elementor-view-default elementor-position-block-start elementor-mobile-position-block-start elementor-widget elementor-widget-icon-box\" data-id=\"59aac20\" data-element_type=\"widget\" data-e-type=\"widget\" data-widget_type=\"icon-box.default\">\n\t\t\t\t<div class=\"elementor-widget-container\">\n\t\t\t\t\t\t\t<div class=\"elementor-icon-box-wrapper\">\n\n\t\t\t\t\t\t<div class=\"elementor-icon-box-icon\">\n\t\t\t\t<span  class=\"elementor-icon\">\n\t\t\t\t<i aria-hidden=\"true\" class=\"fas fa-music\"><\/i>\t\t\t\t<\/span>\n\t\t\t<\/div>\n\t\t\t\n\t\t\t\t\t\t<div class=\"elementor-icon-box-content\">\n\n\t\t\t\t\t\t\t\t\t<h3 class=\"elementor-icon-box-title\">\n\t\t\t\t\t\t<span  >\n\t\t\t\t\t\t\tCours de musique\t\t\t\t\t\t<\/span>\n\t\t\t\t\t<\/h3>\n\t\t\t\t\n\t\t\t\t\t\t\t\t\t<p class=\"elementor-icon-box-description\">\n\t\t\t\t\t\tCours de piano,  harmonie, improvisation, au pays de Lesneven.\t\t\t\t\t<\/p>\n\t\t\t\t\n\t\t\t<\/div>\n\t\t\t\n\t\t<\/div>\n\t\t\t\t\t\t<\/div>\n\t\t\t\t<\/div>\n\t\t\t\t\t<\/div>\n\t\t<\/div>\n\t\t\t\t\t<\/div>\n\t\t<\/section>\n\t\t\t\t<\/div>\n\t\t","protected":false},"excerpt":{"rendered":"<p>Le tarif des cours est de 25 \u20ac net de l&rsquo;heure.\u00a0En fonction du d\u00e9placement, un suppl\u00e9ment de 5 \u20ac peut s&rsquo;av\u00e9rer n\u00e9cessaire.\u00a0Le r\u00e8glement par CESU, CR-CESU ou CESU + est recommand\u00e9.\u00a0 Les ch\u00e8ques CESU pr\u00e9pay\u00e9s sont aussi accept\u00e9s. Cours de musique Cours de piano, harmonie, improvisation, au pays de Lesneven.<\/p>\n","protected":false},"author":1,"featured_media":0,"parent":0,"menu_order":0,"comment_status":"closed","ping_status":"closed","template":"","meta":{"_crdt_document":"","footnotes":""},"class_list":["post-112","page","type-page","status-publish","hentry"],"yoast_head":"<!-- This site is optimized with the Yoast SEO plugin v27.5 - https:\/\/yoast.com\/product\/yoast-seo-wordpress\/ -->\n<title>Tarifs - Les Notes Bleues, cours de piano, \u00e0 Lesneven<\/title>\n<meta name=\"robots\" content=\"index, follow, max-snippet:-1, max-image-preview:large, max-video-preview:-1\" \/>\n<link rel=\"canonical\" href=\"https:\/\/lesnotesbleues.com\/index.php\/tarifs\/\" \/>\n<meta property=\"og:locale\" content=\"fr_FR\" \/>\n<meta property=\"og:type\" content=\"article\" \/>\n<meta property=\"og:title\" content=\"Tarifs - Les Notes Bleues, cours de piano, \u00e0 Lesneven\" \/>\n<meta property=\"og:description\" content=\"Le tarif des cours est de 25 \u20ac net de l&rsquo;heure.\u00a0En fonction du d\u00e9placement, un suppl\u00e9ment de 5 \u20ac peut s&rsquo;av\u00e9rer n\u00e9cessaire.\u00a0Le r\u00e8glement par CESU, CR-CESU ou CESU + est recommand\u00e9.\u00a0 Les ch\u00e8ques CESU pr\u00e9pay\u00e9s sont aussi accept\u00e9s. Cours de musique Cours de piano, harmonie, improvisation, au pays de Lesneven.\" \/>\n<meta property=\"og:url\" content=\"https:\/\/lesnotesbleues.com\/index.php\/tarifs\/\" \/>\n<meta property=\"og:site_name\" content=\"Les Notes Bleues, cours de piano, \u00e0 Lesneven\" \/>\n<meta property=\"article:modified_time\" content=\"2026-03-26T12:28:42+00:00\" \/>\n<meta name=\"twitter:card\" content=\"summary_large_image\" \/>\n<meta name=\"twitter:label1\" content=\"Dur\u00e9e de lecture estim\u00e9e\" \/>\n\t<meta name=\"twitter:data1\" content=\"1 minute\" \/>\n<script type=\"application\/ld+json\" class=\"yoast-schema-graph\">{\"@context\":\"https:\\\/\\\/schema.org\",\"@graph\":[{\"@type\":\"WebPage\",\"@id\":\"https:\\\/\\\/lesnotesbleues.com\\\/index.php\\\/tarifs\\\/\",\"url\":\"https:\\\/\\\/lesnotesbleues.com\\\/index.php\\\/tarifs\\\/\",\"name\":\"Tarifs - Les Notes Bleues, cours de piano, \u00e0 Lesneven\",\"isPartOf\":{\"@id\":\"https:\\\/\\\/lesnotesbleues.com\\\/#website\"},\"datePublished\":\"2018-08-09T16:44:34+00:00\",\"dateModified\":\"2026-03-26T12:28:42+00:00\",\"breadcrumb\":{\"@id\":\"https:\\\/\\\/lesnotesbleues.com\\\/index.php\\\/tarifs\\\/#breadcrumb\"},\"inLanguage\":\"fr-FR\",\"potentialAction\":[{\"@type\":\"ReadAction\",\"target\":[\"https:\\\/\\\/lesnotesbleues.com\\\/index.php\\\/tarifs\\\/\"]}]},{\"@type\":\"BreadcrumbList\",\"@id\":\"https:\\\/\\\/lesnotesbleues.com\\\/index.php\\\/tarifs\\\/#breadcrumb\",\"itemListElement\":[{\"@type\":\"ListItem\",\"position\":1,\"name\":\"Accueil\",\"item\":\"https:\\\/\\\/lesnotesbleues.com\\\/\"},{\"@type\":\"ListItem\",\"position\":2,\"name\":\"Tarifs\"}]},{\"@type\":\"WebSite\",\"@id\":\"https:\\\/\\\/lesnotesbleues.com\\\/#website\",\"url\":\"https:\\\/\\\/lesnotesbleues.com\\\/\",\"name\":\"Les Notes Bleues, cours de piano, \u00e0 Lesneven\",\"description\":\"Cours de musique particuliers ou collectifs au pays des l\u00e9gendes.\",\"publisher\":{\"@id\":\"https:\\\/\\\/lesnotesbleues.com\\\/#organization\"},\"potentialAction\":[{\"@type\":\"SearchAction\",\"target\":{\"@type\":\"EntryPoint\",\"urlTemplate\":\"https:\\\/\\\/lesnotesbleues.com\\\/?s={search_term_string}\"},\"query-input\":{\"@type\":\"PropertyValueSpecification\",\"valueRequired\":true,\"valueName\":\"search_term_string\"}}],\"inLanguage\":\"fr-FR\"},{\"@type\":\"Organization\",\"@id\":\"https:\\\/\\\/lesnotesbleues.com\\\/#organization\",\"name\":\"Les Notes Bleues, cours de piano, \u00e0 Lesneven\",\"url\":\"https:\\\/\\\/lesnotesbleues.com\\\/\",\"logo\":{\"@type\":\"ImageObject\",\"inLanguage\":\"fr-FR\",\"@id\":\"https:\\\/\\\/lesnotesbleues.com\\\/#\\\/schema\\\/logo\\\/image\\\/\",\"url\":\"https:\\\/\\\/lesnotesbleues.com\\\/wp-content\\\/uploads\\\/2018\\\/08\\\/cropped-cropped-les_notes_bleues_logo.jpg\",\"contentUrl\":\"https:\\\/\\\/lesnotesbleues.com\\\/wp-content\\\/uploads\\\/2018\\\/08\\\/cropped-cropped-les_notes_bleues_logo.jpg\",\"width\":250,\"height\":250,\"caption\":\"Les Notes Bleues, cours de piano, \u00e0 Lesneven\"},\"image\":{\"@id\":\"https:\\\/\\\/lesnotesbleues.com\\\/#\\\/schema\\\/logo\\\/image\\\/\"}}]}<\/script>\n<!-- \/ Yoast SEO plugin. -->","yoast_head_json":{"title":"Tarifs - Les Notes Bleues, cours de piano, \u00e0 Lesneven","robots":{"index":"index","follow":"follow","max-snippet":"max-snippet:-1","max-image-preview":"max-image-preview:large","max-video-preview":"max-video-preview:-1"},"canonical":"https:\/\/lesnotesbleues.com\/index.php\/tarifs\/","og_locale":"fr_FR","og_type":"article","og_title":"Tarifs - Les Notes Bleues, cours de piano, \u00e0 Lesneven","og_description":"Le tarif des cours est de 25 \u20ac net de l&rsquo;heure.\u00a0En fonction du d\u00e9placement, un suppl\u00e9ment de 5 \u20ac peut s&rsquo;av\u00e9rer n\u00e9cessaire.\u00a0Le r\u00e8glement par CESU, CR-CESU ou CESU + est recommand\u00e9.\u00a0 Les ch\u00e8ques CESU pr\u00e9pay\u00e9s sont aussi accept\u00e9s. Cours de musique Cours de piano, harmonie, improvisation, au pays de Lesneven.","og_url":"https:\/\/lesnotesbleues.com\/index.php\/tarifs\/","og_site_name":"Les Notes Bleues, cours de piano, \u00e0 Lesneven","article_modified_time":"2026-03-26T12:28:42+00:00","twitter_card":"summary_large_image","twitter_misc":{"Dur\u00e9e de lecture estim\u00e9e":"1 minute"},"schema":{"@context":"https:\/\/schema.org","@graph":[{"@type":"WebPage","@id":"https:\/\/lesnotesbleues.com\/index.php\/tarifs\/","url":"https:\/\/lesnotesbleues.com\/index.php\/tarifs\/","name":"Tarifs - Les Notes Bleues, cours de piano, \u00e0 Lesneven","isPartOf":{"@id":"https:\/\/lesnotesbleues.com\/#website"},"datePublished":"2018-08-09T16:44:34+00:00","dateModified":"2026-03-26T12:28:42+00:00","breadcrumb":{"@id":"https:\/\/lesnotesbleues.com\/index.php\/tarifs\/#breadcrumb"},"inLanguage":"fr-FR","potentialAction":[{"@type":"ReadAction","target":["https:\/\/lesnotesbleues.com\/index.php\/tarifs\/"]}]},{"@type":"BreadcrumbList","@id":"https:\/\/lesnotesbleues.com\/index.php\/tarifs\/#breadcrumb","itemListElement":[{"@type":"ListItem","position":1,"name":"Accueil","item":"https:\/\/lesnotesbleues.com\/"},{"@type":"ListItem","position":2,"name":"Tarifs"}]},{"@type":"WebSite","@id":"https:\/\/lesnotesbleues.com\/#website","url":"https:\/\/lesnotesbleues.com\/","name":"Les Notes Bleues, cours de piano, \u00e0 Lesneven","description":"Cours de musique particuliers ou collectifs au pays des l\u00e9gendes.","publisher":{"@id":"https:\/\/lesnotesbleues.com\/#organization"},"potentialAction":[{"@type":"SearchAction","target":{"@type":"EntryPoint","urlTemplate":"https:\/\/lesnotesbleues.com\/?s={search_term_string}"},"query-input":{"@type":"PropertyValueSpecification","valueRequired":true,"valueName":"search_term_string"}}],"inLanguage":"fr-FR"},{"@type":"Organization","@id":"https:\/\/lesnotesbleues.com\/#organization","name":"Les Notes Bleues, cours de piano, \u00e0 Lesneven","url":"https:\/\/lesnotesbleues.com\/","logo":{"@type":"ImageObject","inLanguage":"fr-FR","@id":"https:\/\/lesnotesbleues.com\/#\/schema\/logo\/image\/","url":"https:\/\/lesnotesbleues.com\/wp-content\/uploads\/2018\/08\/cropped-cropped-les_notes_bleues_logo.jpg","contentUrl":"https:\/\/lesnotesbleues.com\/wp-content\/uploads\/2018\/08\/cropped-cropped-les_notes_bleues_logo.jpg","width":250,"height":250,"caption":"Les Notes Bleues, cours de piano, \u00e0 Lesneven"},"image":{"@id":"https:\/\/lesnotesbleues.com\/#\/schema\/logo\/image\/"}}]}},"_links":{"self":[{"href":"https:\/\/lesnotesbleues.com\/index.php\/wp-json\/wp\/v2\/pages\/112","targetHints":{"allow":["GET"]}}],"collection":[{"href":"https:\/\/lesnotesbleues.com\/index.php\/wp-json\/wp\/v2\/pages"}],"about":[{"href":"https:\/\/lesnotesbleues.com\/index.php\/wp-json\/wp\/v2\/types\/page"}],"author":[{"embeddable":true,"href":"https:\/\/lesnotesbleues.com\/index.php\/wp-json\/wp\/v2\/users\/1"}],"replies":[{"embeddable":true,"href":"https:\/\/lesnotesbleues.com\/index.php\/wp-json\/wp\/v2\/comments?post=112"}],"version-history":[{"count":37,"href":"https:\/\/lesnotesbleues.com\/index.php\/wp-json\/wp\/v2\/pages\/112\/revisions"}],"predecessor-version":[{"id":5636,"href":"https:\/\/lesnotesbleues.com\/index.php\/wp-json\/wp\/v2\/pages\/112\/revisions\/5636"}],"wp:attachment":[{"href":"https:\/\/lesnotesbleues.com\/index.php\/wp-json\/wp\/v2\/media?parent=112"}],"curies":[{"name":"wp","href":"https:\/\/api.w.org\/{rel}","templated":true}]}}