{"id":5626,"date":"2026-03-26T13:25:01","date_gmt":"2026-03-26T12:25:01","guid":{"rendered":"https:\/\/lesnotesbleues.com\/?page_id=5626"},"modified":"2026-03-26T13:58:02","modified_gmt":"2026-03-26T12:58:02","slug":"cesu-prepayes","status":"publish","type":"page","link":"https:\/\/lesnotesbleues.com\/index.php\/cesu-prepayes\/","title":{"rendered":"CESU pr\u00e9pay\u00e9s"},"content":{"rendered":"\t\t<div data-elementor-type=\"wp-page\" data-elementor-id=\"5626\" class=\"elementor elementor-5626\">\n\t\t\t\t\t\t<section class=\"elementor-section elementor-top-section elementor-element elementor-element-8303802 elementor-section-boxed elementor-section-height-default elementor-section-height-default\" data-id=\"8303802\" data-element_type=\"section\" data-e-type=\"section\">\n\t\t\t\t\t\t<div class=\"elementor-container elementor-column-gap-default\">\n\t\t\t\t\t<div class=\"elementor-column elementor-col-100 elementor-top-column elementor-element elementor-element-606326a\" data-id=\"606326a\" data-element_type=\"column\" data-e-type=\"column\">\n\t\t\t<div class=\"elementor-widget-wrap elementor-element-populated\">\n\t\t\t\t\t\t<div class=\"elementor-element elementor-element-52be681 elementor-widget elementor-widget-html\" data-id=\"52be681\" data-element_type=\"widget\" data-e-type=\"widget\" data-widget_type=\"html.default\">\n\t\t\t\t<div class=\"elementor-widget-container\">\n\t\t\t\t\t<body bgcolor=\"white\" text=\"black\" link=\"blue\" vlink=\"purple\" alink=\"red\">\r\n<p><span style=\"font-size:14pt;\"><b><font face=\"Verdana\">Ch\u00e8que CESU pr\u00e9pay\u00e9<\/font><\/b><\/span><font face=\"Verdana\"><\/font><\/p>\r\n<p><font face=\"Verdana\">1. Qu\u2019est\u2011ce qu\u2019un ch\u00e8que CESU pr\u00e9pay\u00e9 ?<\/font><\/p>\r\n<p><font face=\"Verdana\">Ce sont des <strong>titres de paiement<\/strong> (comme des tickets restaurant, mais pour les services \u00e0 la personne).Ils ont une <strong>valeur faciale<\/strong> (ex. 10 \u20ac, 15 \u20ac, 20 \u20ac) et sont <strong>partiellement ou totalement financ\u00e9s<\/strong> par un organisme.<\/font><\/p>\r\n<p><font face=\"Verdana\"> Vous les utilisez pour <strong>payer votre salari\u00e9 ou une structure agr\u00e9\u00e9e<\/strong>.<\/font><\/p>\r\n<p><font face=\"Verdana\"><\/font><\/p>\r\n<p><font face=\"Verdana\">\u00ad 2. Comment \u00e7a fonctionne concr\u00e8tement ?<\/font><\/p>\r\n<p><font face=\"Verdana\"> \u00c9tape 1 : Vous recevez les CESU pr\u00e9pay\u00e9s<\/font><\/p>\r\n<ul>\r\n    <li><font face=\"Verdana\">Sous forme <strong>papier<\/strong> ou <strong>d\u00e9mat\u00e9rialis\u00e9e<\/strong> (e-CESU).<\/font><\/li>\r\n    <li><font face=\"Verdana\">Financement partiel ou total par un tiers.<\/font><\/li>\r\n<\/ul>\r\n<p><font face=\"Verdana\"> \u00c9tape 2 : Vous employez un salari\u00e9 \u00e0 domicile<\/font><\/p>\r\n<p><font face=\"Verdana\">Exemples : m\u00e9nage, jardinage, garde d\u2019enfants, aide administrative, etc.<\/font><\/p>\r\n<p><font face=\"Verdana\">\u00c9tape 3 : Vous <strong>d\u00e9clarez<\/strong> votre salari\u00e9 au CESU<\/font><\/p>\r\n<p><font face=\"Verdana\">M\u00eame proc\u00e9dure que d\u2019habitude : d\u00e9claration mensuelle sur le site CESU.<\/font><\/p>\r\n<p><font face=\"Verdana\">\u00c9tape 4 : Vous <strong>payez<\/strong> votre salari\u00e9 avec les CESU pr\u00e9pay\u00e9s<\/font><\/p>\r\n<ul>\r\n    <li><font face=\"Verdana\">En remettant les ch\u00e8ques papier <strong>ou<\/strong><\/font><\/li>\r\n    <li><font face=\"Verdana\">En utilisant les e-CESU (paiement en ligne)<\/font><\/li>\r\n<\/ul>\r\n<p><font face=\"Verdana\">\u00c9tape 5 : Le salari\u00e9 encaisse les CESU<\/font><\/p>\r\n<p><font face=\"Verdana\">Il les d\u00e9pose sur son compte via son espace salari\u00e9 CESU.<\/font><\/p>\r\n<p><font face=\"Verdana\"><\/font><\/p>\r\n<p><font face=\"Verdana\"> Important : les CESU pr\u00e9pay\u00e9s <strong>ne couvrent pas les cotisations<\/strong><\/font><\/p>\r\n<p><font face=\"Verdana\">Ils servent <strong>uniquement \u00e0 payer le salaire net<\/strong>.<\/font><\/p>\r\n<p><font face=\"Verdana\">Les <strong>cotisations sociales<\/strong> restent \u00e0 votre charge et seront pr\u00e9lev\u00e9es par l\u2019Urssaf apr\u00e8s votre d\u00e9claration.<\/font><\/p>\r\n<p><font face=\"Verdana\"><\/font><\/p>\r\n<p><font face=\"Verdana\">Exemple simple<\/font><\/p>\r\n<p><font face=\"Verdana\">Vous recevez 200 \u20ac de CESU pr\u00e9pay\u00e9s de votre employeur.<\/font><\/p>\r\n<p><font face=\"Verdana\">Vous payez votre femme de m\u00e9nage :<\/font><\/p>\r\n<ul>\r\n    <li><font face=\"Verdana\">200 \u20ac en CESU pr\u00e9pay\u00e9s<\/font><\/li>\r\n    <li><font face=\"Verdana\">L\u2019Urssaf vous pr\u00e9l\u00e8ve ensuite les cotisations (environ 70 % du net)<\/font><\/li>\r\n<\/ul>\r\n<p><font face=\"Verdana\"><\/font><\/p>\r\n<p><font face=\"Verdana\">\u00a9 Avantages pour vous<\/font><\/p>\r\n<ul>\r\n    <li><font face=\"Verdana\">R\u00e9duction du co\u00fbt r\u00e9el gr\u00e2ce au financement externe<\/font><\/li>\r\n    <li><font face=\"Verdana\">Cr\u00e9dit d\u2019imp\u00f4t de 50 % sur <strong>votre part<\/strong> de d\u00e9pense<\/font><\/li>\r\n    <li><font face=\"Verdana\">Simple \u00e0 utiliser<\/font><\/li>\r\n    <li><font face=\"Verdana\">Compatible avec CESU+ (pour automatiser le paiement du compl\u00e9ment si besoin)<\/font><\/li>\r\n<\/ul>\r\n<p><font face=\"Verdana\"><\/font><\/p>\r\n<p><font face=\"Verdana\">Limites<\/font><\/p>\r\n<ul>\r\n    <li><font face=\"Verdana\">Ne peuvent pas payer les cotisations<\/font><\/li>\r\n    <li><font face=\"Verdana\">Ne sont pas utilisables pour toutes les activit\u00e9s (ex. soutien scolaire adulte)<\/font><\/li>\r\n    <li><font face=\"Verdana\">Le salari\u00e9 doit accepter ce mode de paiement<\/font><\/li>\r\n<\/ul>\r\n<\/body>\t\t\t\t<\/div>\n\t\t\t\t<\/div>\n\t\t\t\t\t<\/div>\n\t\t<\/div>\n\t\t\t\t\t<\/div>\n\t\t<\/section>\n\t\t\t\t<\/div>\n\t\t","protected":false},"excerpt":{"rendered":"<p>Ch\u00e8que CESU pr\u00e9pay\u00e9 1. Qu\u2019est\u2011ce qu\u2019un ch\u00e8que CESU pr\u00e9pay\u00e9 ? Ce sont des titres de paiement (comme des tickets restaurant, mais pour les services \u00e0 la personne).Ils ont une valeur faciale (ex. 10 \u20ac, 15 \u20ac, 20 \u20ac) et sont partiellement ou totalement financ\u00e9s par un organisme. Vous les utilisez pour payer votre salari\u00e9 ou &hellip; <\/p>\n<p class=\"link-more\"><a href=\"https:\/\/lesnotesbleues.com\/index.php\/cesu-prepayes\/\" class=\"more-link\">Continuer la lecture<span class=\"screen-reader-text\"> de &laquo;&nbsp;CESU pr\u00e9pay\u00e9s&nbsp;&raquo;<\/span><\/a><\/p>\n","protected":false},"author":1,"featured_media":0,"parent":0,"menu_order":0,"comment_status":"closed","ping_status":"closed","template":"","meta":{"_crdt_document":"","footnotes":""},"class_list":["post-5626","page","type-page","status-publish","hentry"],"yoast_head":"<!-- This site is optimized with the Yoast SEO plugin v27.5 - https:\/\/yoast.com\/product\/yoast-seo-wordpress\/ -->\n<title>CESU pr\u00e9pay\u00e9s - Les Notes Bleues, cours de piano, \u00e0 Lesneven<\/title>\n<meta name=\"robots\" content=\"index, follow, max-snippet:-1, max-image-preview:large, max-video-preview:-1\" \/>\n<link rel=\"canonical\" href=\"https:\/\/lesnotesbleues.com\/index.php\/cesu-prepayes\/\" \/>\n<meta property=\"og:locale\" content=\"fr_FR\" \/>\n<meta property=\"og:type\" content=\"article\" \/>\n<meta property=\"og:title\" content=\"CESU pr\u00e9pay\u00e9s - Les Notes Bleues, cours de piano, \u00e0 Lesneven\" \/>\n<meta property=\"og:description\" content=\"Ch\u00e8que CESU pr\u00e9pay\u00e9 1. Qu\u2019est\u2011ce qu\u2019un ch\u00e8que CESU pr\u00e9pay\u00e9 ? Ce sont des titres de paiement (comme des tickets restaurant, mais pour les services \u00e0 la personne).Ils ont une valeur faciale (ex. 10 \u20ac, 15 \u20ac, 20 \u20ac) et sont partiellement ou totalement financ\u00e9s par un organisme. Vous les utilisez pour payer votre salari\u00e9 ou &hellip; Continuer la lecture de &laquo;&nbsp;CESU pr\u00e9pay\u00e9s&nbsp;&raquo;\" \/>\n<meta property=\"og:url\" content=\"https:\/\/lesnotesbleues.com\/index.php\/cesu-prepayes\/\" \/>\n<meta property=\"og:site_name\" content=\"Les Notes Bleues, cours de piano, \u00e0 Lesneven\" \/>\n<meta property=\"article:modified_time\" content=\"2026-03-26T12:58:02+00:00\" \/>\n<meta name=\"twitter:card\" content=\"summary_large_image\" \/>\n<meta name=\"twitter:label1\" content=\"Dur\u00e9e de lecture estim\u00e9e\" \/>\n\t<meta name=\"twitter:data1\" content=\"2 minutes\" \/>\n<script type=\"application\/ld+json\" class=\"yoast-schema-graph\">{\"@context\":\"https:\\\/\\\/schema.org\",\"@graph\":[{\"@type\":\"WebPage\",\"@id\":\"https:\\\/\\\/lesnotesbleues.com\\\/index.php\\\/cesu-prepayes\\\/\",\"url\":\"https:\\\/\\\/lesnotesbleues.com\\\/index.php\\\/cesu-prepayes\\\/\",\"name\":\"CESU pr\u00e9pay\u00e9s - Les Notes Bleues, cours de piano, \u00e0 Lesneven\",\"isPartOf\":{\"@id\":\"https:\\\/\\\/lesnotesbleues.com\\\/#website\"},\"datePublished\":\"2026-03-26T12:25:01+00:00\",\"dateModified\":\"2026-03-26T12:58:02+00:00\",\"breadcrumb\":{\"@id\":\"https:\\\/\\\/lesnotesbleues.com\\\/index.php\\\/cesu-prepayes\\\/#breadcrumb\"},\"inLanguage\":\"fr-FR\",\"potentialAction\":[{\"@type\":\"ReadAction\",\"target\":[\"https:\\\/\\\/lesnotesbleues.com\\\/index.php\\\/cesu-prepayes\\\/\"]}]},{\"@type\":\"BreadcrumbList\",\"@id\":\"https:\\\/\\\/lesnotesbleues.com\\\/index.php\\\/cesu-prepayes\\\/#breadcrumb\",\"itemListElement\":[{\"@type\":\"ListItem\",\"position\":1,\"name\":\"Accueil\",\"item\":\"https:\\\/\\\/lesnotesbleues.com\\\/\"},{\"@type\":\"ListItem\",\"position\":2,\"name\":\"CESU pr\u00e9pay\u00e9s\"}]},{\"@type\":\"WebSite\",\"@id\":\"https:\\\/\\\/lesnotesbleues.com\\\/#website\",\"url\":\"https:\\\/\\\/lesnotesbleues.com\\\/\",\"name\":\"Les Notes Bleues, cours de piano, \u00e0 Lesneven\",\"description\":\"Cours de musique particuliers ou collectifs au pays des l\u00e9gendes.\",\"publisher\":{\"@id\":\"https:\\\/\\\/lesnotesbleues.com\\\/#organization\"},\"potentialAction\":[{\"@type\":\"SearchAction\",\"target\":{\"@type\":\"EntryPoint\",\"urlTemplate\":\"https:\\\/\\\/lesnotesbleues.com\\\/?s={search_term_string}\"},\"query-input\":{\"@type\":\"PropertyValueSpecification\",\"valueRequired\":true,\"valueName\":\"search_term_string\"}}],\"inLanguage\":\"fr-FR\"},{\"@type\":\"Organization\",\"@id\":\"https:\\\/\\\/lesnotesbleues.com\\\/#organization\",\"name\":\"Les Notes Bleues, cours de piano, \u00e0 Lesneven\",\"url\":\"https:\\\/\\\/lesnotesbleues.com\\\/\",\"logo\":{\"@type\":\"ImageObject\",\"inLanguage\":\"fr-FR\",\"@id\":\"https:\\\/\\\/lesnotesbleues.com\\\/#\\\/schema\\\/logo\\\/image\\\/\",\"url\":\"https:\\\/\\\/lesnotesbleues.com\\\/wp-content\\\/uploads\\\/2018\\\/08\\\/cropped-cropped-les_notes_bleues_logo.jpg\",\"contentUrl\":\"https:\\\/\\\/lesnotesbleues.com\\\/wp-content\\\/uploads\\\/2018\\\/08\\\/cropped-cropped-les_notes_bleues_logo.jpg\",\"width\":250,\"height\":250,\"caption\":\"Les Notes Bleues, cours de piano, \u00e0 Lesneven\"},\"image\":{\"@id\":\"https:\\\/\\\/lesnotesbleues.com\\\/#\\\/schema\\\/logo\\\/image\\\/\"}}]}<\/script>\n<!-- \/ Yoast SEO plugin. -->","yoast_head_json":{"title":"CESU pr\u00e9pay\u00e9s - Les Notes Bleues, cours de piano, \u00e0 Lesneven","robots":{"index":"index","follow":"follow","max-snippet":"max-snippet:-1","max-image-preview":"max-image-preview:large","max-video-preview":"max-video-preview:-1"},"canonical":"https:\/\/lesnotesbleues.com\/index.php\/cesu-prepayes\/","og_locale":"fr_FR","og_type":"article","og_title":"CESU pr\u00e9pay\u00e9s - Les Notes Bleues, cours de piano, \u00e0 Lesneven","og_description":"Ch\u00e8que CESU pr\u00e9pay\u00e9 1. Qu\u2019est\u2011ce qu\u2019un ch\u00e8que CESU pr\u00e9pay\u00e9 ? Ce sont des titres de paiement (comme des tickets restaurant, mais pour les services \u00e0 la personne).Ils ont une valeur faciale (ex. 10 \u20ac, 15 \u20ac, 20 \u20ac) et sont partiellement ou totalement financ\u00e9s par un organisme. Vous les utilisez pour payer votre salari\u00e9 ou &hellip; Continuer la lecture de &laquo;&nbsp;CESU pr\u00e9pay\u00e9s&nbsp;&raquo;","og_url":"https:\/\/lesnotesbleues.com\/index.php\/cesu-prepayes\/","og_site_name":"Les Notes Bleues, cours de piano, \u00e0 Lesneven","article_modified_time":"2026-03-26T12:58:02+00:00","twitter_card":"summary_large_image","twitter_misc":{"Dur\u00e9e de lecture estim\u00e9e":"2 minutes"},"schema":{"@context":"https:\/\/schema.org","@graph":[{"@type":"WebPage","@id":"https:\/\/lesnotesbleues.com\/index.php\/cesu-prepayes\/","url":"https:\/\/lesnotesbleues.com\/index.php\/cesu-prepayes\/","name":"CESU pr\u00e9pay\u00e9s - Les Notes Bleues, cours de piano, \u00e0 Lesneven","isPartOf":{"@id":"https:\/\/lesnotesbleues.com\/#website"},"datePublished":"2026-03-26T12:25:01+00:00","dateModified":"2026-03-26T12:58:02+00:00","breadcrumb":{"@id":"https:\/\/lesnotesbleues.com\/index.php\/cesu-prepayes\/#breadcrumb"},"inLanguage":"fr-FR","potentialAction":[{"@type":"ReadAction","target":["https:\/\/lesnotesbleues.com\/index.php\/cesu-prepayes\/"]}]},{"@type":"BreadcrumbList","@id":"https:\/\/lesnotesbleues.com\/index.php\/cesu-prepayes\/#breadcrumb","itemListElement":[{"@type":"ListItem","position":1,"name":"Accueil","item":"https:\/\/lesnotesbleues.com\/"},{"@type":"ListItem","position":2,"name":"CESU pr\u00e9pay\u00e9s"}]},{"@type":"WebSite","@id":"https:\/\/lesnotesbleues.com\/#website","url":"https:\/\/lesnotesbleues.com\/","name":"Les Notes Bleues, cours de piano, \u00e0 Lesneven","description":"Cours de musique particuliers ou collectifs au pays des l\u00e9gendes.","publisher":{"@id":"https:\/\/lesnotesbleues.com\/#organization"},"potentialAction":[{"@type":"SearchAction","target":{"@type":"EntryPoint","urlTemplate":"https:\/\/lesnotesbleues.com\/?s={search_term_string}"},"query-input":{"@type":"PropertyValueSpecification","valueRequired":true,"valueName":"search_term_string"}}],"inLanguage":"fr-FR"},{"@type":"Organization","@id":"https:\/\/lesnotesbleues.com\/#organization","name":"Les Notes Bleues, cours de piano, \u00e0 Lesneven","url":"https:\/\/lesnotesbleues.com\/","logo":{"@type":"ImageObject","inLanguage":"fr-FR","@id":"https:\/\/lesnotesbleues.com\/#\/schema\/logo\/image\/","url":"https:\/\/lesnotesbleues.com\/wp-content\/uploads\/2018\/08\/cropped-cropped-les_notes_bleues_logo.jpg","contentUrl":"https:\/\/lesnotesbleues.com\/wp-content\/uploads\/2018\/08\/cropped-cropped-les_notes_bleues_logo.jpg","width":250,"height":250,"caption":"Les Notes Bleues, cours de piano, \u00e0 Lesneven"},"image":{"@id":"https:\/\/lesnotesbleues.com\/#\/schema\/logo\/image\/"}}]}},"_links":{"self":[{"href":"https:\/\/lesnotesbleues.com\/index.php\/wp-json\/wp\/v2\/pages\/5626","targetHints":{"allow":["GET"]}}],"collection":[{"href":"https:\/\/lesnotesbleues.com\/index.php\/wp-json\/wp\/v2\/pages"}],"about":[{"href":"https:\/\/lesnotesbleues.com\/index.php\/wp-json\/wp\/v2\/types\/page"}],"author":[{"embeddable":true,"href":"https:\/\/lesnotesbleues.com\/index.php\/wp-json\/wp\/v2\/users\/1"}],"replies":[{"embeddable":true,"href":"https:\/\/lesnotesbleues.com\/index.php\/wp-json\/wp\/v2\/comments?post=5626"}],"version-history":[{"count":7,"href":"https:\/\/lesnotesbleues.com\/index.php\/wp-json\/wp\/v2\/pages\/5626\/revisions"}],"predecessor-version":[{"id":5639,"href":"https:\/\/lesnotesbleues.com\/index.php\/wp-json\/wp\/v2\/pages\/5626\/revisions\/5639"}],"wp:attachment":[{"href":"https:\/\/lesnotesbleues.com\/index.php\/wp-json\/wp\/v2\/media?parent=5626"}],"curies":[{"name":"wp","href":"https:\/\/api.w.org\/{rel}","templated":true}]}}